*q + q + 29 = -3*z, o*q - 14 = -2*z. What is n(z)?
6
Let g(h) = -7*h - 1. Suppose -3*t + 2*i + 10 = t, 0 = t + 4*i - 25. Suppose 4*v - 15 = t*c, -3*v = -c + 3*c + 6. Let m be (v - (-3)/3) + -3. Determine g(m).
13
Let b = 2 - 0. Let u(x) = -b*x + x + 1 - 6. Give u(5).
-10
Suppose -13 = -4*h + x, 3*h + 5*x + 1 = 7*h. Suppose -h - 1 = -z. Let l(f) = f + 1. Let q(k) = 2*k + 9. Let n(c) = 3*l(c) - q(c). Give n(z).
-1
Let b(y) = -81*y**2 + 3 + 40*y**2 + 42*y**2 + 4*y. Give b(-3).
0
Let w(p) = 0*p + 6*p + p**2 - 2*p**2 - 6 + 0*p. Give w(6).
-6
Let n be 2/(-6) + 65/15. Let x(h) = h**2 - h - 4. Determine x(n).
8
Let s(r) = r - 4. Suppose 30 = -0*f + 2*f. Suppose -3*p + 0 = -f. Suppose -p*b + 12 = -2*b. Determine s(b).
0
Suppose 6*r - 3*r + 2*v = 1, 5*v + 5 = 0. Let b(f) = 3*f - 4*f - f**3 - r - f**2 - f. Give b(-1).
1
Let c(z) = -3*z**2 - 11*z - 3. Let b(w) = -10*w**2 - 32*w - 9. Let g(j) = 2*b(j) - 7*c(j). What is g(-12)?
-9
Let r(l) be the second derivative of -l**5/20 + l**4/12 - l**3/6 + l**2/2 + 9*l. What is r(1)?
0
Let b(q) = -2*q - 3. Suppose 4*z = 5*j + 5, -3*j - 3*z - 25 - 5 = 0. Determine b(j).
7
Let l be (-4)/(-3) - (-22)/33. Let z(d) = -d**l + 8 - 3*d - 3*d + d + 0. Calculate z(-6).
2
Let r(t) = 3*t + 6. Let l(p) = -1. Let h be (-4 + 3 - 0) + -1. Let q(k) = h*l(k) - r(k). Determine q(-3).
5
Let g(p) = 2*p**3 - p**3 + 39*p**2 - 41*p**2 + 4 - 2*p. Calculate g(3).
7
Let d(c) = -c**3 - c**2 + c - 1. Let a(y) = 5*y**3 + 8*y**2 + y + 8. Let k(f) = a(f) + 4*d(f). Let o be 2*(3/2 + -3). Calculate k(o).
-2
Let b(j) be the first derivative of 4*j + 2*j**2 - 5 + 1/3*j**3. Determine b(-5).
9
Let x(t) = t**3 + 4. Let z be x(0). Suppose 4*a - a + z*w - 1 = 0, -3*a = w - 7. Let k(p) = 4*p**2 + 3 - 2*p**2 - 19*p - 19*p + 34*p. What is k(a)?
9
Let d(t) = -t**2 + 11*t - 10. Let v be d(10). Let o = v + -6. Let m(z) = -z**3 - 5*z**2 + 5*z - 2. What is m(o)?
4
Suppose 6*b - 5*b = -4*r - 3, 2*b = 5*r + 7. Let t(o) be the second derivative of -7*o**4/12 - o**3/6 - o**2/2 - o. Calculate t(r).
-7
Let b(u) = -u**2 - 8*u + 3. Let h(w) = w**2 + 9*w - 3. Let r(f) = 5*b(f) + 4*h(f). What is r(-5)?
-2
Let n(g) = -20*g**2 + 5*g - 17. Let s(v) = -7*v**2 + 2*v - 6. Let m(z) = 6*n(z) - 17*s(z). Calculate m(-2).
4
Let o(y) = 2*y + 4. Let c be ((2 - 4) + 2)*-1. Suppose 20 = -c*z - 4*z + 2*r, -z + r - 6 = 0. Give o(z).
-4
Suppose -w + 0*w = 2. Let y be 11/2 - (-1)/w. Suppose y*l + 18 = -7. Let i(t) = -t**2 - 3*t + 4. Calculate i(l).
-6
Let z = -28 + 26. Let l(c) = -6*c + 2. Suppose -12 = -4*a - 0*a. Let w(q) = -5*q + 1. Let f(y) = a*w(y) - 2*l(y). What is f(z)?
5
Let m(q) = 6 - 7*q - 3 + 11*q**3 + 7*q**2 - 12*q**3. Determine m(6).
-3
Let o be (-2)/(-4) + 6/4. Let k(c) = 6*c - 2*c**2 + 2 + 4 + 3*c**o. Let r(x) = -2*x + 3. Let p be r(4). Determine k(p).
1
Let b(z) = 2*z**2 + z. Let l(u) = u**2 - u + 3. Let d(r) = -b(r) + l(r). Suppose -2*o = -o + 3. What is d(o)?
0
Let l(j) = -2*j - 5. Let p be l(-6). Let b = p + -10. Let o(t) = -t**3 - 3*t**2 + 3*t + 4. Give o(b).
-5
Let i(z) = 5 - 3*z**2 + 3*z**3 - 2*z**3 - 2*z - 6 + 0. Calculate i(3).
-7
Let t(n) = -n**3. Suppose -3 = 3*h - 0*h. Let d(x) = -7*x**3 - 5*x**2 + 4*x - 7. Let k(b) = h*d(b) + 6*t(b). Let r(a) = -a - 10. Let m be r(-4). Determine k(m).
-5
Let t(x) be the first derivative of x**6/180 + x**5/40 + x**3/3 - 6. Let u(w) be the third derivative of t(w). Give u(-3).
9
Let i(a) = -5*a**3 - a**2 + a + 1. Suppose -4*n - 4*q = 4, -3*q - 4 + 1 = 2*n. Suppose 0 = j + 4 - 2, 5*j = -g - 12. Let s be (n + g)/4*2. Give i(s).
4
Let v(p) = -p - 1. Let m be v(3). Let z(y) = 14*y + 10. Let a(h) = 9*h + 7. Let b(l) = -8*a(l) + 5*z(l). Calculate b(m).
2
Let k(f) = -f**3 - 3*f**2 + 3*f - 2. Let w(a) = a**2 - 7*a + 6. Let c be 3/(-2)*40/(-12). Let l be w(c). Determine k(l).
2
Let g(p) = p + 1. Let v(x) = 8*x + 2. Let y(w) = g(w) - v(w). Let f be -3*(-2)/(3 + -1). Let d be (-1)/(3/9*f). Calculate y(d).
6
Let p(s) = -2*s**2 + s + s**2 + 9*s - s. Determine p(7).
14
Suppose -4*y - 15 = -9*y. Suppose 0 = -y*r + 2*r. Let d(m) = 2*m + m**2 - 1 - m + r*m**2. Calculate d(-2).
1
Let f(p) be the first derivative of p**3/3 + 5*p**2/2 - 5*p + 7. Calculate f(-5).
-5
Let x(y) = -y**2 + 4*y + 3. Let u be ((-12)/21)/((-2)/14). Give x(u).
3
Let z(w) = -11 + 14*w**3 + 2 + 6 + 4 - 2*w. What is z(1)?
13
Let z(j) = -8*j**2 + 2*j - 1. Let v = -24 - -25. Calculate z(v).
-7
Let o be 2*1*12/8. Let l(b) = 2 - 6 - b + o. Calculate l(-3).
2
Let t = 29 + -21. Suppose -5*l + t = 3*d - 9, 0 = -l - d + 5. Let g(n) = -2*n + n - 5*n**3 - 4 + n**3 + n**2 + 5. Give g(l).
-3
Suppose -2*b = 2*b - 12. Suppose -b*h + x = -38, -2*h - 6 + 20 = 5*x. Suppose -3*d - 5*r + 0 = -20, 3*r = -2*d + h. Let q(i) = i + 7. Calculate q(d).
7
Let w(h) = 5 + 4*h - 2 - 2. Let f be ((-2)/6)/(1/3). Calculate w(f).
-3
Let d be -1*1 - (-2 - 2). Let r(h) = 3*h + 4*h**2 + 4*h**d - 2*h**3 + 2 - 1. Let t be (-252)/(-56)*(-4)/9. Calculate r(t).
-5
Let g(b) = -71 + 0*b**2 + 70 - 2*b**2. Determine g(1).
-3
Let z(i) = -5*i - 9. Let f(p) = -9*p - 17. Let o(n) = -3*f(n) + 5*z(n). Give o(-6).
-6
Let y(n) = n + 2. Let t(k) be the first derivative of k**3/3 - 6*k**2 + 7*k + 2. Let a be t(11). Determine y(a).
-2
Let a(g) = -g - 261 + 130 + 125. Give a(0).
-6
Let k(n) = -n**2 + 4. Let h be 2/(-7) + 19/(-7). Let d be k(h). Let q(z) be the second derivative of z**5/20 + 5*z**4/12 + z**3/6 + z**2/2 + z. Calculate q(d).
-4
Let n be (9/(-18))/((-1)/(-2)). Let f(u) = 4*u. Determine f(n).
-4
Let v(a) be the third derivative of a**5/60 - 5*a**4/24 + a**3/3 - a**2 - 27*a. Calculate v(2).
-4
Let i be (0 - -4)*(-9)/4. Let o = -4 - i. Let l(y) = 0 - 3*y**2 + 2*y**2 + 1 + 5*y. Calculate l(o).
1
Let i(y) = y**2 - 11. Let x(p) = p**3 + 8*p**2 - 9*p. Let b be x(-9). Calculate i(b).
-11
Let o(v) = -3*v**2 - 7*v + 3 + 0*v + 2*v**2. Determine o(-6).
9
Let h(s) = 2*s**3 + 7*s**2 + 3*s - 8 - s**3 + 2*s. Suppose -2*k - 13 = 2*f - k, 4*f + 5*k = -29. Calculate h(f).
-2
Let j = -9 - -12. Suppose -2*i - j*i = -10. Let x(g) = 5*g + 4. Let u(o) = o + 1. Let y(d) = 4*u(d) - x(d). What is y(i)?
-2
Suppose 0*u = -i - 3*u + 2, 5*u + 6 = 3*i. Let t(j) = -j + 1. What is t(i)?
-1
Let u(d) be the first derivative of -13*d**2 - 36*d - 2. Let f = -1 - 1. Let q(k) = 5*k + 7. Let o(t) = f*u(t) - 11*q(t). Give o(-4).
7
Let z(t) be the second derivative of -t**6/360 + t**5/24 + 7*t**4/24 + t**3/6 + 2*t. Let x(b) be the second derivative of z(b). Calculate x(5).
7
Suppose -4 = -5*b + 1. Let a(l) = -2*l**3 + l**2. Determine a(b).
-1
Let c(r) = 1. Let q(t) = -2*t + 2. Let l(j) = -3*c(j) + q(j). Suppose -8 - 2 = -5*b. Suppose 0 = -3*u + u + b. What is l(u)?
-3
Let o(m) = m**2 + m - 9. Let d be (-2)/15 - (-4)/30. Calculate o(d).
-9
Let u(d) = d + 5*d**2 + 2*d**2 - 2*d - 5*d**2 + 5*d**3. Calculate u(1).
6
Let r(p) be the third derivative of -p**5/60 + 7*p**4/24 + p**3/6 - 12*p**2. Let f(j) = 3*j - 5. Let s be f(4). What is r(s)?
1
Let n(k) be the second derivative of 0 + k**2 + 1/6*k**3 - k. Calculate n(-6).
-4
Let v(y) = -20*y**2 + 35*y + 11. Let w(o) = -7*o**2 + 12*o + 4. Let d(r) = 6*v(r) - 17*w(r). Let h(z) be the first derivative of d(z). Determine h(6).
-6
Suppose 6 = 5*r - 2*r. Let u = 9 - r. Let f(c) = c**3 - 8*c**2 + 6*c + 2. Determine f(u).
-5
Let r(d) = d**3 + d + 1. Let i = 4 - 9. Let c(p) = -10*p**3 - 2*p**2 - 6*p - 5. Let o(n) = i*r(n) - c(n). Calculate o(-1).
-4
Let c(r) be the first derivative of 6 - r**3 - 4*r + 1/4*r**4 + r**2. What is c(3)?
2
Let p be ((-6)/8)/((-2)/8). Let c(l) = 3*l + 3. Give c(p).
12
Let k = 5 - 3. Let t(h) = 2 + h + 4 - k. Give t(-4).
0
Let c = 20 + -21. Let y be (c/3)/((-6)/(-72)). Let b(i) = -i**3 - 3*i**2 + 2*i - 4. Calculate b(y).
4
Let x = 8 + -7. Let u(p) = -7*p**2 + 3 - 4 - 3 + 1 + 4*p. Let w(m) = -6*m**2 + 3*m - 2. Let f(n) = 3*u(n) - 4*w(n). Give f(x).
2
Suppose -48*p = -46*p - 4. Suppose h + 3 = 4*y + 2, -3*y = 2*h - 9. Let z(o) = -h*o**3 + 1 - o**3 - o**2 + 5*o**3 + o. What is z(p)?
7
Let z be (-6)/9*(-3 + 6). Let o(j) = -2*j**2 - 2*j. Give o(z).
-4
Let z(w) = -5*w - 3. Let i be (1 + -5)/((-3)/(-3)*1). Give z(i).
17
Let w(s) = 4*s**2 + 1. Let c = -8 + 23. Let v be 21/c + 10/(-25). Give w(v).
5
Let c(m) be the third derivative of 2*m**2 - 1/24*m**4 + 0 - 1/6*m**3 + 0*m. Let l = -3 + 8. Calculate c(l).
-6
Let w